{"id":14138,"date":"2020-03-18T11:06:32","date_gmt":"2020-03-18T09:06:32","guid":{"rendered":"https:\/\/factorialhr.com\/blog\/?page_id=14138"},"modified":"2022-03-28T11:36:32","modified_gmt":"2022-03-28T09:36:32","slug":"coronavirus-minuto-portugal","status":"publish","type":"page","link":"https:\/\/factorialhr.pt\/blog\/coronavirus-minuto-portugal\/","title":{"rendered":"Coronav\u00edrus ao minuto: \u00faltimas not\u00edcias e impacto nas empresas"},"content":{"rendered":"<p>Todos n\u00f3s estamos pendentes de como evolui a situa\u00e7\u00e3o de crise derivada do coronav\u00edrus ou COVID-19.\u00a0 As empresas dependem das \u00faltimas not\u00edcias. N\u00e3o s\u00f3 em Portugal, mas em todo o mundo para tomarem as decis\u00f5es corretas.<\/p>\n<p>J\u00e1 que os departamentos de RH precisam de gerir tudo dentro do prazo e da melhor maneira poss\u00edvel. Por isso, \u00e9 importante estar atento \u00e0s not\u00edcas sobre o coronav\u00edrus ao minuto.<\/p>\n<p>Como uma empresa dedicada a Recursos Humanos, queremos ajudar todos os respons\u00e1veis por este departamento a superar este momento. E \u00e9 por isso que a nossa equipa est\u00e1 a desenvolver novos conte\u00fados e recursos todos os dias. Assim, todos n\u00f3s poderemos adaptar-nos a este contexto, o mais r\u00e1pido poss\u00edvel.<\/p>\n<p>Abaixo, encontra alguns artigos interessantes que poder\u00e3o ajud\u00e1-lo nos pr\u00f3ximos dias:<\/p>\n<ul>\n<li><a href=\"https:\/\/factorialhr.pt\/blog\/coronavirus-empresas-portugal\/\">Coronav\u00edrus nas empresas: Planos de Preven\u00e7\u00e3o e Quarentenas<\/a><\/li>\n<li><a href=\"https:\/\/factorialhr.pt\/blog\/coronavirus-portugal-lay-off\/\">Coronav\u00edrus em Portugal: tudo sobre o Lay-off para empresas<\/a><\/li>\n<li><a href=\"https:\/\/factorialhr.pt\/blog\/teletrabalho-dicas\/\">Teletrabalho: 8 dicas para ser eficiente no Trabalho Remoto\u00a0<\/a><\/li>\n<li><a href=\"https:\/\/factorialhr.pt\/blog\/teletrabalho-empresa-coronavirus\/\">Como aplicar o Teletrabalho na sua empresa em tempos de Coronav\u00edrus<\/a><\/li>\n<li><a href=\"https:\/\/factorialhr.pt\/blog\/apps-ferramentas-trabalho-remoto\/\">Trabalho Remoto: 22 Apps e Ferramentas para otimizar o seu Home Office<\/a><\/li>\n<li><a href=\"https:\/\/factorialhr.pt\/blog\/dicas-gestao-ausencias\/\">3 dicas de RH para uma Gest\u00e3o de Aus\u00eancias eficaz<\/a><\/li>\n<\/ul>\n<h2>Coronav\u00edrus ao minuto<\/h2>\n<p>Cada minuto \u00e9 importante no planeamento de riscos no local de trabalho, na prosperidade dos neg\u00f3cios e na prote\u00e7\u00e3o dos seus colaboradores. Lembre-se de que as pessoas s\u00e3o o ativo mais importante da sua empresa! Por isso, preparamos esta p\u00e1gina sobre o coronav\u00edrus ao minuto. Veja aqui as \u00faltimas not\u00edcias sobre o COVID-19 e que afetar\u00e3o o setor.<\/p>\n<div id=\"arena-live\" data-publisher=\"factorialhr.pt\" data-event=\"324w\" data-version=\"2\"><\/div>\n<p><script src=\"https:\/\/go.arena.im\/public\/js\/arenalib.js?p=factorialhr.pt&#038;e=324w\"><\/script><\/p>\n<h2>Suporte \u00e0s empresas e aos trabalhadores durante o COVID-19<\/h2>\n<p>Evite o coronav\u00edrus (trabalhe remotamente) &#8211;\u00a0<a href=\"https:\/\/factorialhr.pt\/controlo-horario\">Registe as suas horas de trabalho com a Factorial\u00a0<\/a><br \/>\nTrabalhe em casa com mais facilidade &#8211; <a href=\"https:\/\/factorialhr.pt\/checklists\/recrutamento-selecao\">Checklist gr\u00e1tis para organizar o seu teletrabalho<\/a><\/p>\n<p>Se tem alguma d\u00favida sobre o nosso per\u00edodo de teste ilimitado durante a crise do COVID-19, <a href=\"https:\/\/factorialhr.pt\/contacta-nos\">contacte-nos<\/a>.<\/p>\n","protected":false},"excerpt":{"rendered":"<p>Todos n\u00f3s estamos pendentes de como evolui a situa\u00e7\u00e3o de crise derivada do coronav\u00edrus ou COVID-19.\u00a0 As empresas dependem das \u00faltimas not\u00edcias. N\u00e3o s\u00f3 em Portugal, mas em todo o mundo para tomarem as decis\u00f5es corretas. J\u00e1 que os departamentos de RH precisam de gerir tudo dentro do prazo e da melhor maneira poss\u00edvel. Por<a href=\"https:\/\/factorialhr.pt\/blog\/coronavirus-minuto-portugal\/\" class=\"read-more\"> [&#8230;]<\/a><\/p>\n","protected":false},"author":136,"featured_media":42739,"parent":0,"menu_order":0,"comment_status":"closed","ping_status":"closed","template":"","meta":{"_acf_changed":false,"footnotes":""},"class_list":["post-14138","page","type-page","status-publish","has-post-thumbnail","hentry"],"acf":[],"yoast_head":"<!-- This site is optimized with the Yoast SEO Premium plugin v21.5 (Yoast SEO v21.9.1) - https:\/\/yoast.com\/wordpress\/plugins\/seo\/ -->\n<title>Coronav\u00edrus ao minuto: not\u00edcias e impacto nas empresas - Factorial<\/title>\n<meta name=\"description\" content=\"\u00c9 importante estar atento \u00e0s not\u00edcas sobre o coronav\u00edrus ao minuto, em Portugal e no mundo, para adaptar-se melhor \u00e0s novas medidas.\" \/>\n<meta name=\"robots\" content=\"index, follow, max-snippet:-1, max-image-preview:large, max-video-preview:-1\" \/>\n<link rel=\"canonical\" href=\"https:\/\/factorialhr.pt\/blog\/coronavirus-minuto-portugal\/\" \/>\n<meta property=\"og:locale\" content=\"pt_PT\" \/>\n<meta property=\"og:type\" content=\"article\" \/>\n<meta property=\"og:title\" content=\"Coronav\u00edrus ao minuto: \u00faltimas not\u00edcias e impacto nas empresas\" \/>\n<meta property=\"og:description\" content=\"\u00c9 importante estar atento \u00e0s not\u00edcas sobre o coronav\u00edrus ao minuto, em Portugal e no mundo, para adaptar-se melhor \u00e0s novas medidas.\" \/>\n<meta property=\"og:url\" content=\"https:\/\/factorialhr.pt\/blog\/coronavirus-minuto-portugal\/\" \/>\n<meta property=\"og:site_name\" content=\"Factorial\" \/>\n<meta property=\"article:publisher\" content=\"https:\/\/www.facebook.com\/people\/Factorial\/100064908455810\/\" \/>\n<meta property=\"article:modified_time\" content=\"2022-03-28T09:36:32+00:00\" \/>\n<meta property=\"og:image\" content=\"https:\/\/factorialhr.pt\/wp-content\/uploads\/2021\/04\/12183530\/coronavirus-minuto-empresas-noticias.jpg\" \/>\n\t<meta property=\"og:image:width\" content=\"1112\" \/>\n\t<meta property=\"og:image:height\" content=\"625\" \/>\n\t<meta property=\"og:image:type\" content=\"image\/jpeg\" \/>\n<meta name=\"twitter:card\" content=\"summary_large_image\" \/>\n<meta name=\"twitter:site\" content=\"@factorialapp\" \/>\n<meta name=\"twitter:label1\" content=\"Est. reading time\" \/>\n\t<meta name=\"twitter:data1\" content=\"2 minutos\" \/>\n<script type=\"application\/ld+json\" class=\"yoast-schema-graph\">{\"@context\":\"https:\/\/schema.org\",\"@graph\":[{\"@type\":\"WebPage\",\"@id\":\"https:\/\/factorialhr.pt\/blog\/coronavirus-minuto-portugal\/\",\"url\":\"https:\/\/factorialhr.pt\/blog\/coronavirus-minuto-portugal\/\",\"name\":\"Coronav\u00edrus ao minuto: not\u00edcias e impacto nas empresas - Factorial\",\"isPartOf\":{\"@id\":\"https:\/\/factorialhr.pt\/blog\/#website\"},\"datePublished\":\"2020-03-18T09:06:32+00:00\",\"dateModified\":\"2022-03-28T09:36:32+00:00\",\"description\":\"\u00c9 importante estar atento \u00e0s not\u00edcas sobre o coronav\u00edrus ao minuto, em Portugal e no mundo, para adaptar-se melhor \u00e0s novas medidas.\",\"inLanguage\":\"pt-PT\",\"potentialAction\":[{\"@type\":\"ReadAction\",\"target\":[\"https:\/\/factorialhr.pt\/blog\/coronavirus-minuto-portugal\/\"]}]},{\"@type\":\"WebSite\",\"@id\":\"https:\/\/factorialhr.pt\/blog\/#website\",\"url\":\"https:\/\/factorialhr.pt\/blog\/\",\"name\":\"Factorial\",\"description\":\"\",\"publisher\":{\"@id\":\"https:\/\/factorialhr.pt\/blog\/#organization\"},\"potentialAction\":[{\"@type\":\"SearchAction\",\"target\":{\"@type\":\"EntryPoint\",\"urlTemplate\":\"https:\/\/factorialhr.pt\/blog\/?s={search_term_string}\"},\"query-input\":\"required name=search_term_string\"}],\"inLanguage\":\"pt-PT\"},{\"@type\":\"Organization\",\"@id\":\"https:\/\/factorialhr.pt\/blog\/#organization\",\"name\":\"All-in-one business management software - Factorial\",\"url\":\"https:\/\/factorialhr.pt\/blog\/\",\"logo\":{\"@type\":\"ImageObject\",\"inLanguage\":\"pt-PT\",\"@id\":\"https:\/\/factorialhr.pt\/blog\/#\/schema\/logo\/image\/\",\"url\":\"https:\/\/factorialhr.pt\/wp-content\/uploads\/2023\/07\/18155144\/factorial-logo.png\",\"contentUrl\":\"https:\/\/factorialhr.pt\/wp-content\/uploads\/2023\/07\/18155144\/factorial-logo.png\",\"width\":946,\"height\":880,\"caption\":\"All-in-one business management software - Factorial\"},\"image\":{\"@id\":\"https:\/\/factorialhr.pt\/blog\/#\/schema\/logo\/image\/\"},\"sameAs\":[\"https:\/\/www.facebook.com\/people\/Factorial\/100064908455810\/\",\"https:\/\/twitter.com\/factorialapp\",\"https:\/\/www.linkedin.com\/company\/factorialhr\",\"https:\/\/www.youtube.com\/@factorialmedia\",\"https:\/\/www.instagram.com\/factorial\/#\"]}]}<\/script>\n<!-- \/ Yoast SEO Premium plugin. -->","yoast_head_json":{"title":"Coronav\u00edrus ao minuto: not\u00edcias e impacto nas empresas - Factorial","description":"\u00c9 importante estar atento \u00e0s not\u00edcas sobre o coronav\u00edrus ao minuto, em Portugal e no mundo, para adaptar-se melhor \u00e0s novas medidas.","robots":{"index":"index","follow":"follow","max-snippet":"max-snippet:-1","max-image-preview":"max-image-preview:large","max-video-preview":"max-video-preview:-1"},"canonical":"https:\/\/factorialhr.pt\/blog\/coronavirus-minuto-portugal\/","og_locale":"pt_PT","og_type":"article","og_title":"Coronav\u00edrus ao minuto: \u00faltimas not\u00edcias e impacto nas empresas","og_description":"\u00c9 importante estar atento \u00e0s not\u00edcas sobre o coronav\u00edrus ao minuto, em Portugal e no mundo, para adaptar-se melhor \u00e0s novas medidas.","og_url":"https:\/\/factorialhr.pt\/blog\/coronavirus-minuto-portugal\/","og_site_name":"Factorial","article_publisher":"https:\/\/www.facebook.com\/people\/Factorial\/100064908455810\/","article_modified_time":"2022-03-28T09:36:32+00:00","og_image":[{"width":1112,"height":625,"url":"https:\/\/factorialhr.pt\/wp-content\/uploads\/2021\/04\/12183530\/coronavirus-minuto-empresas-noticias.jpg","type":"image\/jpeg"}],"twitter_card":"summary_large_image","twitter_site":"@factorialapp","twitter_misc":{"Est. reading time":"2 minutos"},"schema":{"@context":"https:\/\/schema.org","@graph":[{"@type":"WebPage","@id":"https:\/\/factorialhr.pt\/blog\/coronavirus-minuto-portugal\/","url":"https:\/\/factorialhr.pt\/blog\/coronavirus-minuto-portugal\/","name":"Coronav\u00edrus ao minuto: not\u00edcias e impacto nas empresas - Factorial","isPartOf":{"@id":"https:\/\/factorialhr.pt\/blog\/#website"},"datePublished":"2020-03-18T09:06:32+00:00","dateModified":"2022-03-28T09:36:32+00:00","description":"\u00c9 importante estar atento \u00e0s not\u00edcas sobre o coronav\u00edrus ao minuto, em Portugal e no mundo, para adaptar-se melhor \u00e0s novas medidas.","inLanguage":"pt-PT","potentialAction":[{"@type":"ReadAction","target":["https:\/\/factorialhr.pt\/blog\/coronavirus-minuto-portugal\/"]}]},{"@type":"WebSite","@id":"https:\/\/factorialhr.pt\/blog\/#website","url":"https:\/\/factorialhr.pt\/blog\/","name":"Factorial","description":"","publisher":{"@id":"https:\/\/factorialhr.pt\/blog\/#organization"},"potentialAction":[{"@type":"SearchAction","target":{"@type":"EntryPoint","urlTemplate":"https:\/\/factorialhr.pt\/blog\/?s={search_term_string}"},"query-input":"required name=search_term_string"}],"inLanguage":"pt-PT"},{"@type":"Organization","@id":"https:\/\/factorialhr.pt\/blog\/#organization","name":"All-in-one business management software - Factorial","url":"https:\/\/factorialhr.pt\/blog\/","logo":{"@type":"ImageObject","inLanguage":"pt-PT","@id":"https:\/\/factorialhr.pt\/blog\/#\/schema\/logo\/image\/","url":"https:\/\/factorialhr.pt\/wp-content\/uploads\/2023\/07\/18155144\/factorial-logo.png","contentUrl":"https:\/\/factorialhr.pt\/wp-content\/uploads\/2023\/07\/18155144\/factorial-logo.png","width":946,"height":880,"caption":"All-in-one business management software - Factorial"},"image":{"@id":"https:\/\/factorialhr.pt\/blog\/#\/schema\/logo\/image\/"},"sameAs":["https:\/\/www.facebook.com\/people\/Factorial\/100064908455810\/","https:\/\/twitter.com\/factorialapp","https:\/\/www.linkedin.com\/company\/factorialhr","https:\/\/www.youtube.com\/@factorialmedia","https:\/\/www.instagram.com\/factorial\/#"]}]}},"_links":{"self":[{"href":"https:\/\/factorialhr.pt\/blog\/wp-json\/wp\/v2\/pages\/14138"}],"collection":[{"href":"https:\/\/factorialhr.pt\/blog\/wp-json\/wp\/v2\/pages"}],"about":[{"href":"https:\/\/factorialhr.pt\/blog\/wp-json\/wp\/v2\/types\/page"}],"author":[{"embeddable":true,"href":"https:\/\/factorialhr.pt\/blog\/wp-json\/wp\/v2\/users\/136"}],"replies":[{"embeddable":true,"href":"https:\/\/factorialhr.pt\/blog\/wp-json\/wp\/v2\/comments?post=14138"}],"version-history":[{"count":9,"href":"https:\/\/factorialhr.pt\/blog\/wp-json\/wp\/v2\/pages\/14138\/revisions"}],"predecessor-version":[{"id":70103,"href":"https:\/\/factorialhr.pt\/blog\/wp-json\/wp\/v2\/pages\/14138\/revisions\/70103"}],"wp:featuredmedia":[{"embeddable":true,"href":"https:\/\/factorialhr.pt\/blog\/wp-json\/wp\/v2\/media\/42739"}],"wp:attachment":[{"href":"https:\/\/factorialhr.pt\/blog\/wp-json\/wp\/v2\/media?parent=14138"}],"curies":[{"name":"wp","href":"https:\/\/api.w.org\/{rel}","templated":true}]}}